Let a = -23 - l. What are the prime factors of a?
23
Let o be -3 + 22 + -3 - (-8 + 4). Let v = 166 + o. What are the prime factors of v?
2, 3, 31
What are the prime factors of (2185/38)/((10/(-24))/(-5))?
2, 3, 5, 23
Let t = 9 - 4. Suppose 9*s - t*s = 52. Suppose -17 - s = -o. What are the prime factors of o?
2, 3, 5
Let o = -65 + 76. Let n = o + 12. List the prime factors of n.
23
Suppose -28*a + 176961 = 33713. List the prime factors of a.
2, 1279
Let r(v) = -v**2 + 10*v + 7. Let w be r(11). Let k(a) = -40*a + 12. List the prime factors of k(w).
2, 43
Let m = -8 + 11. Suppose -8*u = -5*u - m*r - 21, 4*u - 34 = r. List the prime factors of u.
3
Let i = -30 - -240. Let n = -107 + i. List the prime factors of n.
103
Suppose 3*x = -4*r + 3470, 0*x - 4*r + 2316 = 2*x. What are the prime factors of x?
2, 577
Suppose -646 = -k - 129. List the prime factors of k.
11, 47
Suppose 31 - 6 = 5*j. Let z(q) = q**2 - 5*q + 7. Let a be z(5). Suppose 3*l + a*b - 72 = 3*b, 4*b = -j*l + 112. What are the prime factors of l?
2, 5
Suppose -7*b + 8 = -3*b. Let d = 53 + -48. Suppose -47 = -d*y - b. What are the prime factors of y?
3
Let t(d) = 2*d + 45. Let f be t(7). Suppose 0 = -4*p + 197 + f. List the prime factors of p.
2
Suppose w + w + 5 = z, -3*z = -w - 5. Suppose -4*u + 12 = -2*f, -4*f = u - z - 2. Suppose -2*x - 2 = n - 14, -x + 5 = f. List the prime factors of n.
2
Suppose -2 + 4 = -j. Let r be (-2)/(((-16)/(-20))/j). Suppose 2*b - 4 - 2 = 0, -146 = -r*q + 3*b. What are the prime factors of q?
31
Suppose 5*r = 5695 - 85. What are the prime factors of r?
2, 3, 11, 17
List the prime factors of -5 - -1 - (5 + -5 - 1671).
1667
Suppose 13*m = 9*m + 1536. List the prime factors of m.
2, 3
Let q(o) = -13*o**3 + 2*o**2 - 4*o + 2. Let a be q(3). Let y be ((-12)/14 - 0)/((-20)/140). List the prime factors of y/(-10) + a/(-5).
2, 17
Let s(v) = -v**3 + 41*v**2 + 161*v + 88. List the prime factors of s(43).
3313
Let m(j) be the first derivative of j**4/4 + 4*j**3 - 3*j**2 - 16*j + 4. What are the prime factors of m(-12)?
2, 7
Let t(q) = 2*q**3 + 27*q**2 + 9*q + 19. Let y be t(-13). Suppose 3*r = -4*w + 38 + y, -4*r = -4*w + 116. What are the prime factors of w?
2, 7
Let o(c) = -3*c + 33. Let i be o(9). Let j(z) = 7*z**2 - 7*z - 12. List the prime factors of j(i).
2, 3, 11
Suppose 4*m + 0*r = -3*r - 9, -2*r + 17 = -5*m. Let y(i) = 3*i**2 - 3*i + 1. List the prime factors of y(m).
37
Let u = -40 - -45. Let x(l) = 11*l**2 + 5*l - 35. List the prime factors of x(u).
5, 53
Let k be (2/(-4))/(2/12). Let y(w) = 17*w**2 - w + 8. What are the prime factors of y(k)?
2, 41
Suppose -6 = 3*p, -5*p = -6*h + 3*h + 208. Suppose 0*k + k = h. What are the prime factors of k?
2, 3, 11
Let j(c) = -c - 5. Let g be j(-8). Suppose 2*q - 19 = -3*k, 2*k - 35 = -g*k - 4*q. Suppose k*m - 3*a - 9 = 0, -2 = -m + 2*a + 1. List the prime factors of m.
3
Let i = -1347 + 2154. What are the prime factors of i?
3, 269
Let m(a) = 7*a**2 + 19*a + 36. List the prime factors of m(-5).
2, 29
Let w be 5/(-1 - -4 - 2). Suppose -3*p = -22 - w. Suppose 12*y = p*y + 45. List the prime factors of y.
3, 5
Let o = -79 + 332. List the prime factors of o.
11, 23
Let k be ((-8)/10)/4 - 38/10. List the prime factors of -31*((-5)/(-10) + 6/k).
31
Let f = -35 - -56. What are the prime factors of f*4 + 3*2/(-3)?
2, 41
Suppose -4*z + i = -2332, 7*z + 5*i = 8*z - 583. What are the prime factors of z?
11, 53
Let p(u) = 13*u**2 - 3*u + 15. Suppose 4*h = o - 2 + 14, 4*h - 5*o = 12. List the prime factors of p(h).
3, 41
Suppose -2*i + g + 107 = -1052, 0 = 4*g - 20. List the prime factors of i.
2, 3, 97
Let m(u) = 8*u**3 - 5*u**2 + u - 1. Let c be m(4). Suppose -5*i - c = -5*x, i = -2*x + 2*i + 174. List the prime factors of x.
3, 29
Suppose 0 = 5*g - 5*z + 20, 4*z + 10 = 2. Let i be (18/15)/(g/(-15)). Suppose -u + i*u = 92. List the prime factors of u.
2, 23
Let t(w) = 4*w**2 - 136*w + 208. List the prime factors of t(38).
2, 3, 17
Suppose -4*q = 11 - 39. Suppose -q*l - 118 = 449. Let j = l + 152. List the prime factors of j.
71
Let k be -1 - (-2*28)/4. Let p(l) = 105 - l**2 + k*l - 105. What are the prime factors of p(10)?
2, 3, 5
Suppose 3*s - 681 - 792 = 0. What are the prime factors of s?
491
Let o = -33 + 38. Suppose -o*j + 4*r = -432, j + 3*r = -2*j + 243. List the prime factors of j.
2, 3, 7
Let w(t) = 4*t**2 - 3*t - 3. Let u be w(-3). Let q be (14/u)/(2/18). Suppose -5*y + 25 = -10*y, 4*y = -q*z + 55. List the prime factors of z.
5
Let d(m) = m**3 - 5*m**2 + 7*m - 6. Let n be d(4). Let c = 12 - n. What are the prime factors of c?
2, 3
Suppose s + 5*t = 24, 25 = -3*s - 2*s + 4*t. Suppose -k + 11 = 3. What are the prime factors of (s/3)/(k/(-1488))?
2, 31
Suppose 3*o - 4*o + 56 = 5*p, 2*p = -5*o + 395. Let n = 136 - o. What are the prime factors of n?
5, 11
Let i(h) = -h**3 - h**2 - 2. Let l be i(-2). Suppose -67 = -5*k - l. List the prime factors of k.
13
Let h = 4171 - 2270. What are the prime factors of h?
1901
Let g = 30 + -40. Let n = g + 73. What are the prime factors of n?
3, 7
Let j(c) = c**3 + 14*c**2 + 5*c - 13. Let l be j(-13). Suppose 0 = 4*n - 21 - l. List the prime factors of n.
2, 7
Let o be 6/((-8)/(-156)*3). Let h = -20 + o. Let q = 12 + h. List the prime factors of q.
31
Suppose -5*k - 4*k + 6*k = 0. Suppose k*t - 136 = -t - 5*p, p = t - 154. List the prime factors of t.
151
Let w = 412 - -286. List the prime factors of w.
2, 349
Let q(t) = 8*t**3 + 4*t**2 - 15*t + 23. List the prime factors of q(5).
2, 131
Let n = -534 - -849. What are the prime factors of n?
3, 5, 7
Let x = 491 + 248. What are the prime factors of x?
739
Suppose -12 = 2*n + 2*l, -3*n + 5*l = -n - 16. Let u be (-3)/n - 354/(-12). What are the prime factors of (u/2)/((-1)/(-2))?
31
Suppose -2*n + 15 = -65. What are the prime factors of 25*(-8)/10*n/(-16)?
2, 5
Suppose 143*z - 281502 = 26*z. What are the prime factors of z?
2, 3, 401
Let h(m) = -5*m + 1. Let i be h(-11). Let n be 208/i + (-2)/(-7). Suppose c - 2*j = -4*j + 13, -2*c - 14 = -n*j. List the prime factors of c.
3
Let f = 30 + -34. Let g = 18 + f. List the prime factors of g.
2, 7
Let c = 56 - 44. Let g = c + 54. What are the prime factors of g?
2, 3, 11
Let z be 6/(-1 - 1)*9. Let w = 18 + z. List the prime factors of (-95)/(-3) + 6/w.
31
Let s(w) = 8*w + w**3 + 28*w**2 - 1 - 17*w**2 + 5. What are the prime factors of s(-6)?
2, 17
Let b(s) = -s + 2. Let c(n) = -23*n + 2. Let d(l) = -6*b(l) - c(l). What are the prime factors of d(6)?
2, 5
Suppose 62*i - 44*i = 40572. List the prime factors of i.
2, 7, 23
Suppose -62*w + 39*w = -22816. What are the prime factors of w?
2, 31
Suppose -i = 13*s - 8*s + 15, 0 = 3*s - 4*i + 32. Let g(b) = -6 - 4 - 8*b - 3. What are the prime factors of g(s)?
19
Let p = -671 - -682. List the prime factors of p.
11
Let z(n) = 10*n**3 + 2*n**2 - n - 2. Let t = 112 + -110. List the prime factors of z(t).
2, 3, 7
Suppose -7*n + 4 = -5*n. Suppose -n*y + o = 25 - 85, -3*o = 2*y - 76. What are the prime factors of y?
2
Suppose -3*s - 1855 = -10*s. Suppose 23*l = 28*l - s. What are the prime factors of l?
53
Suppose -4*b = -2*f + 68, 3*b + 50 + 86 = 4*f. List the prime factors of f.
2, 17
Let c = -533 - -2707. List the prime factors of c.
2, 1087
Let b be 15/(-10)*(-4)/6. List the prime factors of 5 - b - (-63 + -10).
7, 11
Let y be -6*(-3)/6 + 2. Suppose -y*l = -3*z + 117 - 28, -l - 27 = -z. Suppose z = -4*n + 123. What are the prime factors of n?
5
Let u be (8 + -20)*55/2. Let k be u/10*1*-1. Suppose -k = -2*f - 5*s, -4*s + 18 = 2*f - f. List the prime factors of f.
2, 7
Suppose -2*a = -6*a + 72. Suppose d - a = 27. What are the prime factors of d?
3, 5
Let p be (-1843)/15 + (-32)/240. Let t = 19 - p. List the prime factors of t.
2, 71
Let s be 34/(-10)*164 - 50/125. Suppose -3*n - n = -108. List the prime factors of s/n*(-3)/2.
31
Let i(d) = 13*d**3 - d**2 + d + 2. Let o be i(2). Suppose 0*u + 3*u = -s + 79, 4*u = -2*s + o. List the prime factors of u.
3
What are the prime factors of 243 - ((-6)/(-9))/((-4)/6)?
2, 61
Let i = -66 + 151. Let o = 90 + i. What are the prime factors of o?
5, 7
What are the prime factors of 4075/(-25)*6/(-2)?
3, 163
Let i = -377 - -225. Let v = i + 226. What are the prime factors of v?
2, 37
Let v = 32 - 30. Suppose -5*y + y